e factors of 169797?
3, 56599
What are the prime factors of 3607407?
3, 400823
What are the prime factors of 21333061?
2789, 7649
List the prime factors of 993466.
2, 496733
List the prime factors of 598191.
3, 11, 18127
What are the prime factors of 278682?
2, 3, 46447
List the prime factors of 1806758.
2, 29, 31151
What are the prime factors of 153152?
2, 2393
What are the prime factors of 234879?
3, 59, 1327
What are the prime factors of 673374?
2, 3, 13, 89, 97
List the prime factors of 708352.
2, 2767
What are the prime factors of 11679442?
2, 17, 269, 1277
What are the prime factors of 270108?
2, 3, 41, 61
List the prime factors of 5732913.
3, 1910971
List the prime factors of 2816778.
2, 3, 59, 73, 109
List the prime factors of 588766.
2, 294383
What are the prime factors of 1708946?
2, 23, 97, 383
List the prime factors of 482946.
2, 3, 80491
List the prime factors of 1416893.
43, 83, 397
What are the prime factors of 425657?
19, 43, 521
What are the prime factors of 570431?
31, 18401
List the prime factors of 2908510.
2, 5, 11, 137, 193
What are the prime factors of 14687150?
2, 5, 17, 37, 467
What are the prime factors of 4603064?
2, 43, 13381
What are the prime factors of 119430?
2, 3, 5, 1327
List the prime factors of 5395616.
2, 23, 7331
List the prime factors of 283029.
3, 94343
List the prime factors of 5433951.
3, 401, 4517
List the prime factors of 762203.
13, 58631
What are the prime factors of 654590?
2, 5, 67, 977
List the prime factors of 155271.
3, 73, 709
List the prime factors of 46939.
73, 643
List the prime factors of 559558.
2, 279779
List the prime factors of 7465123.
173, 43151
List the prime factors of 41397462.
2, 3, 31, 74189
List the prime factors of 1552053.
3, 19, 73, 373
What are the prime factors of 124698?
2, 3, 7, 2969
What are the prime factors of 4069285?
5, 11, 241, 307
What are the prime factors of 4053075?
3, 5, 13, 4157
List the prime factors of 51200.
2, 5
List the prime factors of 2462198.
2, 1231099
What are the prime factors of 5971235?
5, 227, 5261
List the prime factors of 948855.
3, 5, 17, 61
What are the prime factors of 13133341?
13, 59, 17123
What are the prime factors of 96560?
2, 5, 17, 71
List the prime factors of 1691716.
2, 13, 32533
What are the prime factors of 601911?
3, 2477
What are the prime factors of 8004936?
2, 3, 333539
What are the prime factors of 1013864?
2, 126733
What are the prime factors of 1920?
2, 3, 5
What are the prime factors of 336206?
2, 13, 67, 193
List the prime factors of 451730.
2, 5, 199, 227
List the prime factors of 72851.
263, 277
List the prime factors of 13753658.
2, 6876829
List the prime factors of 881644.
2, 220411
List the prime factors of 9920899.
31, 79, 4051
What are the prime factors of 293629?
7, 41947
What are the prime factors of 317534?
2, 7, 37, 613
List the prime factors of 5033150.
2, 5, 43, 2341
List the prime factors of 2102018.
2, 1051009
What are the prime factors of 129484?
2, 32371
List the prime factors of 250310.
2, 5, 25031
List the prime factors of 282614.
2, 141307
List the prime factors of 233159.
233159
What are the prime factors of 11226214?
2, 5613107
What are the prime factors of 827901?
3, 3407
What are the prime factors of 1967826?
2, 3, 7, 46853
What are the prime factors of 5230540?
2, 5, 7, 37361
What are the prime factors of 631957?
101, 6257
List the prime factors of 258159.
3, 11, 7823
List the prime factors of 51804.
2, 3, 1439
List the prime factors of 1031950.
2, 5, 20639
List the prime factors of 182008.
2, 22751
What are the prime factors of 24582208?
2, 7, 37, 1483
List the prime factors of 20593251.
3, 7, 108959
What are the prime factors of 5822840?
2, 5, 17, 8563
What are the prime factors of 371607?
3, 97, 1277
What are the prime factors of 1304292?
2, 3, 11, 41, 241
List the prime factors of 3171230.
2, 5, 317123
What are the prime factors of 99025?
5, 17, 233
What are the prime factors of 407105?
5, 81421
What are the prime factors of 3935757?
3, 7, 187417
What are the prime factors of 151557?
3, 7, 1031
List the prime factors of 126128.
2, 7883
What are the prime factors of 172750?
2, 5, 691
What are the prime factors of 1368275?
5, 229, 239
List the prime factors of 13255937.
17, 779761
List the prime factors of 3501901.
13, 269377
What are the prime factors of 2762705?
5, 11, 50231
List the prime factors of 9330824.
2, 17, 19, 23, 157
What are the prime factors of 97251?
3, 7, 11, 421
List the prime factors of 32267451.
3, 41, 262337
What are the prime factors of 50024?
2, 13, 37
What are the prime factors of 9986729?
1847, 5407
What are the prime factors of 1199723?
7, 367, 467
List the prime factors of 2193337.
2193337
List the prime factors of 11618246.
2, 5809123
List the prime factors of 7592697.
3, 7, 1913
What are the prime factors of 61955?
5, 12391
What are the prime factors of 1343398?
2, 7, 95957
List the prime factors of 2108529.
3, 234281
List the prime factors of 6437330.
2, 5, 61, 173
List the prime factors of 470572.
2, 117643
What are the prime factors of 198675?
3, 5, 883
List the prime factors of 982554.
2, 3, 83, 1973
What are the prime factors of 16572?
2, 3, 1381
What are the prime factors of 14839595?
5, 2967919
List the prime factors of 382653.
3, 17, 41, 61
What are the prime factors of 658742?
2, 7, 211, 223
What are the prime factors of 265369?
13, 137, 149
List the prime factors of 248731.
7, 35533
What are the prime factors of 73399?
29, 2531
List the prime factors of 2966261.
19, 156119
What are the prime factors of 2028315?
3, 5, 135221
List the prime factors of 27529433.
27529433
What are the prime factors of 505567?
53, 9539
What are the prime factors of 6206994?
2, 3, 61, 5653
List the prime factors of 116595.
3, 5, 2591
What are the prime factors of 5758755?
3, 5, 383917
What are the prime factors of 12510539?
181, 69119
List the prime factors of 36736338.
2, 3, 37, 165479
What are the prime factors of 147647?
147647
What are the prime factors of 492269?
17, 23, 1259
List the prime factors of 245592.
2, 3, 379
What are the prime factors of 1145461?
1145461
What are the prime factors of 1951756?
2, 19, 61, 421
What are the prime factors of 3909394?
2, 79, 109, 227
List the prime factors of 14970.
2, 3, 5, 499
List the prime factors of 5151084.
2, 3, 31, 61, 227
What are the prime factors of 8440745?
5, 179, 9431
What are the prime factors of 1968349?
1968349
What are the prime factors of 23805775?
5, 7, 136033
List the prime factors of 6574795.
5, 569, 2311
What are the prime factors of 35089?
35089
List the prime factors of 3593429.
7, 513347
What are the prime factors of 1062968?
2, 23, 53, 109
What are the prime factors of 705804?
2, 3, 11, 5347
List the prime factors of 807076.
2, 201769
List the prime factors of 1089699.
3, 13, 27941
What are the prime factors of 2230219?
2230219
What are the prime factors of 53374?
2, 26687
What are the prime factors of 8410?
2, 5, 29
List the prime factors of 4540930.
2, 5, 83, 5471
List the prime factors of 2571301.
17, 151253
What are the prime factors of 4670882?
2, 2335441
List the prime factors of 1399870.
2, 5, 139987
What are the prime factors of 413553?
3, 7, 47, 419
List the prime factors of 704805.
3, 5, 19, 2473
What are the prime factors of 12356684?
2, 3089171
What are the prime factors of 125046?
2, 3, 6947
List the prime factors of 12259871.
13, 223, 4229
List the prime factors of 13203264.
2, 3, 68767
What are the prime factors of 13518120?
2, 3, 5, 7, 11, 19
What are the prime factors of 638269?
638269
List the prime factors of 995853.
3, 137, 2423
List the prime factors of 722161.
11, 65651
List the prime factors of 3071059.
653, 4703
List the prime factors of 7296311.
11, 663301
List the prime factors of 5575918.
2, 41, 53, 1283
List the prime factors of 8243228.
2, 7, 83, 3547
What are the prime factors of 126550?
2, 5, 2531
What are the prime factors of 2778184?
2, 61, 5693
What are the prime factors of 1171802?
2, 101, 5801
List the prime factors of 1092711.
3, 191, 1907
What are the prime factors of 5354146?
2, 7, 47, 79, 103
List the prime factors of 539242.
2, 11, 127, 193
What are the prime factors of 89360?
2, 5, 1117
List the prime factors of 3279552.
2, 3, 19, 29, 31
What are the prime facto